{"id":2130,"date":"2025-06-24T16:13:56","date_gmt":"2025-06-24T16:13:56","guid":{"rendered":"https:\/\/calpe.tours\/alquiler-moto-de-agua\/sea-doo-wake-pro-230\/"},"modified":"2025-07-02T07:19:12","modified_gmt":"2025-07-02T07:19:12","slug":"sea-doo-wake-pro-230","status":"publish","type":"alquiler-moto","link":"https:\/\/calpe.tours\/fr\/location-jet-ski\/sea-doo-wake-pro-230\/","title":{"rendered":"Sea-Doo WAKE PRO 230"},"content":{"rendered":"<p>Parcourez la baie de Calpe avec le <strong data-start=\"31\" data-end=\"55\">Sea-Doo Wake Pro 230<\/strong>, une motomarine de 230 ch con\u00e7ue pour l&rsquo;aventure et, surtout, pour les <strong data-start=\"133\" data-end=\"157\">sports de glisse<\/strong>: sa colonne Ski-Pylon\u2122 r\u00e9tractable et ses points LinQ\u2122 vous permettent d&rsquo;attacher facilement un wakeboard, des skis nautiques ou un beignet gonflable et de profiter de balades aussi douces qu&rsquo;excitantes gr\u00e2ce \u00e0 la coque ST3, r\u00e9put\u00e9e pour sa stabilit\u00e9, m\u00eame avec des passagers et des \u00e9quipements suppl\u00e9mentaires. Le syst\u00e8me iBR\u2122 (frein + marche arri\u00e8re) offre une man\u0153uvrabilit\u00e9 pr\u00e9cise lors de l&rsquo;approche de la planche, tandis que la plateforme de baignade \u00e9tendue vous offre beaucoup d&rsquo;espace pour enfiler vos bottes ou aider un ami \u00e0 se pr\u00e9parer dans l&rsquo;eau. <\/p>\n<p>Conditions de location<\/p>\n<ul>\n<li>Pour louer ce mod\u00e8le, vous devez \u00eatre \u00e2g\u00e9 d&rsquo;au moins 28 ans, avoir une qualification nautique Patr\u00f3n Moto A, PNB ou sup\u00e9rieure, et \u00eatre skipper depuis plus d&rsquo;un an.<\/li>\n<li>Le carburant est inclus dans toutes les locations.<\/li>\n<li>La location de 4 heures correspond \u00e0 4 heures le matin ou 4 heures l&rsquo;apr\u00e8s-midi. Non disponible en haute saison (du 5 juillet au 1er septembre). <\/li>\n<li>Une caution de 1 200 euros sera vers\u00e9e en VISA ou en esp\u00e8ces, qui sera restitu\u00e9e \u00e0 la fin de la p\u00e9riode de location, en compensant, le cas \u00e9ch\u00e9ant, les montants correspondant au carburant ou aux \u00e9ventuels dommages caus\u00e9s \u00e0 la moto ou \u00e0 son \u00e9quipement.<\/li>\n<\/ul>\n","protected":false},"excerpt":{"rendered":"<p>Le mod\u00e8le le plus exclusif de Sea-Doo. Les meilleures finitions, le moteur le plus puissant de la gamme, la coque ST-3 \u00e9prouv\u00e9e ? Tous les ingr\u00e9dients sont r\u00e9unis pour profiter du jet ski au plus haut niveau.<\/p>\n","protected":false},"featured_media":1944,"parent":0,"template":"","class_list":["post-2130","alquiler-moto","type-alquiler-moto","status-publish","has-post-thumbnail","hentry"],"_links":{"self":[{"href":"https:\/\/calpe.tours\/fr\/wp-json\/wp\/v2\/alquiler-moto\/2130","targetHints":{"allow":["GET"]}}],"collection":[{"href":"https:\/\/calpe.tours\/fr\/wp-json\/wp\/v2\/alquiler-moto"}],"about":[{"href":"https:\/\/calpe.tours\/fr\/wp-json\/wp\/v2\/types\/alquiler-moto"}],"version-history":[{"count":4,"href":"https:\/\/calpe.tours\/fr\/wp-json\/wp\/v2\/alquiler-moto\/2130\/revisions"}],"predecessor-version":[{"id":2146,"href":"https:\/\/calpe.tours\/fr\/wp-json\/wp\/v2\/alquiler-moto\/2130\/revisions\/2146"}],"wp:featuredmedia":[{"embeddable":true,"href":"https:\/\/calpe.tours\/fr\/wp-json\/wp\/v2\/media\/1944"}],"wp:attachment":[{"href":"https:\/\/calpe.tours\/fr\/wp-json\/wp\/v2\/media?parent=2130"}],"curies":[{"name":"wp","href":"https:\/\/api.w.org\/{rel}","templated":true}]}}

<p>Parcourez la baie de Calpe avec le <strong data-start="31" data-end="55">Sea-Doo Wake Pro 230</strong>, une motomarine de 230 ch conçue pour l&rsquo;aventure et, surtout, pour les <strong data-start="133" data-end="157">sports de glisse</strong>: sa colonne Ski-Pylon™ rétractable et ses points LinQ™ vous permettent d&rsquo;attacher facilement un wakeboard, des skis nautiques ou un beignet gonflable et de profiter de balades aussi douces qu&rsquo;excitantes grâce à la coque ST3, réputée pour sa stabilité, même avec des passagers et des équipements supplémentaires. Le système iBR™ (frein + marche arrière) offre une manœuvrabilité précise lors de l&rsquo;approche de la planche, tandis que la plateforme de baignade étendue vous offre beaucoup d&rsquo;espace pour enfiler vos bottes ou aider un ami à se préparer dans l&rsquo;eau. </p>
<p>Conditions de location</p>
<ul>
<li>Pour louer ce modèle, vous devez être âgé d&rsquo;au moins 28 ans, avoir une qualification nautique Patrón Moto A, PNB ou supérieure, et être skipper depuis plus d&rsquo;un an.</li>
<li>Le carburant est inclus dans toutes les locations.</li>
<li>La location de 4 heures correspond à 4 heures le matin ou 4 heures l&rsquo;après-midi. Non disponible en haute saison (du 5 juillet au 1er septembre). </li>
<li>Une caution de 1 200 euros sera versée en VISA ou en espèces, qui sera restituée à la fin de la période de location, en compensant, le cas échéant, les montants correspondant au carburant ou aux éventuels dommages causés à la moto ou à son équipement.</li>
</ul>

<p>Le modèle le plus exclusif de Sea-Doo. Les meilleures finitions, le moteur le plus puissant de la gamme, la coque ST-3 éprouvée ? Tous les ingrédients sont réunis pour profiter du jet ski au plus haut niveau.</p>
